 the third derivative of 7*a**4/12 - 17*a**3/6 - 51*a**2. Let w be c(4). Calculate the highest common factor of 3 and w.
3
Let o = 350 - 320. What is the greatest common factor of 90 and o?
30
Suppose -105 + 99 = -6*j. Calculate the highest common factor of j and 1.
1
Let h(g) = -g**2 - 6*g + 148. Let t be h(-15). Suppose 4*f + 2*u - 150 = 0, -f + u + 3*u = -51. Calculate the highest common factor of t and f.
13
Suppose -7*o + 6*o = -19. Suppose 5*p - 29 = -3*j + p, 3 = -4*j + 3*p. Suppose d - 304 = -j*d. Calculate the highest common factor of o and d.
19
Let x be (59 - 9)*(-112)/(-10). Suppose -x = -9*f + f. Calculate the highest common divisor of 35 and f.
35
Let v be 82 - 7/((-21)/(-6)). Suppose 5*n + 0 - 1 = 2*m, 5*m = -4*n + v. Let y(f) = -3*f + 1. Let x be y(-1). What is the greatest common factor of x and m?
4
Let k be (-2)/8 + (-1206)/(-24) + 4. Calculate the greatest common factor of k and 81.
27
Let s(n) = n**2 + 18*n - 33. Let y = 56 - 77. Let f be s(y). Calculate the greatest common factor of f and 120.
30
Let z = -8 + 16. Let p be (27/15)/(6/40). Suppose -g + p = 2*g. What is the greatest common divisor of g and z?
4
Suppose -f = 2, 2*k + 0*k + 4*f = 136. Let u = -69 + k. Calculate the highest common factor of u and 12.
3
Let h be 15 + -52*3/12. Suppose -5*k + 124 = 14. Calculate the highest common factor of h and k.
2
Let q be (406 + -1)*(-6)/(-120)*8. Calculate the greatest common factor of q and 4.
2
Let k(t) = -t**3 + 16*t**2 - 15*t + 6. Let h be k(15). Suppose 0 = h*z - 5 - 19. Suppose -z*x = -0*x - 108. Calculate the highest common divisor of 3 and x.
3
Let f(x) = -23*x + 12. Let z(w) = -12*w + 6. Let n(h) = 2*f(h) - 5*z(h). Let q be n(5). What is the greatest common factor of 16 and q?
16
Let b be -1*300/18*(-846)/15. What is the greatest common divisor of b and 40?
20
Let n(z) = z**2 - 18*z + 14. Let c be n(18). Let b = c + -5. What is the highest common divisor of 3 and b?
3
Let j(q) = 10*q - 3. Let k be j(2). Suppose k + 1 = 2*r. Let p be (4 + -7)*(-12)/r. Calculate the highest common factor of 8 and p.
4
Suppose -3*p - 3*n = p - 23, -10 = -2*n. Suppose 2*a = -3*g + 4*a + 89, -a = -p*g + 61. Calculate the greatest common divisor of 121 and g.
11
Let g(w) = -w - 10. Let v be g(-8). Let s(d) = -1 + 3 + 3*d + 2*d**2 + 1. Let b be s(v). Calculate the highest common divisor of b and 40.
5
Let k(b) = 3*b**3 - b**2 - b - 5. Let m be k(2). Calculate the highest common factor of 169 and m.
13
Let d be (-110)/40 + 5 - 1/4. What is the highest common divisor of d and 8?
2
Suppose 0 = 23*x - 209 - 688. Calculate the greatest common divisor of 26 and x.
13
Suppose 439 + 686 = 45*l. What is the highest common divisor of l and 1100?
25
Let p(s) be the first derivative of -s**2/2 + 13*s + 3. Let u be p(7). What is the greatest common divisor of 66 and u?
6
Let p = 20 - -19. Let q(j) = 17*j**2 - 15*j + 14. Let c be q(2). Calculate the highest common factor of p and c.
13
Let p be (12/18)/(2/75). Suppose -2*o = -0*q - 3*q - p, -5*q = 5*o. Suppose -o*i + 8*i = 78. Calculate the greatest common divisor of i and 208.
26
Suppose -38 = -2*h - 4*b, -95*b + 16 = -91*b. Suppose 0 = -5*s + 95 + 180. What is the highest common factor of s and h?
11
Suppose -2*q - q + 9 = 0, 0 = 5*l + 2*q - 506. Suppose -l = -2*h + 2*m - 4, h - 60 = 4*m. What is the highest common factor of h and 11?
11
Suppose q - 5*g = -360 + 30, q + g + 318 = 0. Let d be 90/(-8)*(q/(-12))/(-5). Calculate the greatest common divisor of d and 10.
10
Suppose 3*w + 3*r = 10 + 5, 4*w = 5*r + 20. Suppose 4*x = w*g + 230, -4*g + 10 = -9*g. What is the highest common divisor of 11 and x?
11
Let p(a) = a**2 - 3*a + 14. Let g be p(6). Calculate the highest common factor of 112 and g.
16
Let s(r) = -3*r**3 - 4*r**2 + r + 3. Suppose 3 + 6 = -3*j. Let w be s(j). Calculate the greatest common divisor of w and 9.
9
Let w(v) = -8*v - 4. Let a be w(-4). Let j be (-1)/(1 + (-30)/28). Calculate the greatest common factor of j and a.
14
Suppose -4847*p + 19950 = -4832*p. Calculate the highest common divisor of p and 76.
38
Let y = -253 - -256. What is the highest common divisor of 33 and y?
3
Suppose -8*q + 10 + 6 = 0. Suppose -q*x - 8 = -5*u - 44, -x = 5*u - 3. What is the highest common divisor of 39 and x?
13
Let m be (-4 - -5 - -1)*(-6)/(-4). Let r be m + (-1755)/(-21) - 6/(-14). What is the greatest common factor of r and 58?
29
Let i be (18/12)/((-3)/(-42)). Calculate the highest common factor of i and 42.
21
Suppose -8 = -2*z - 2*z. Suppose -17*i + 59 - 739 = 0. Let k be (i/(-3))/(z/6). What is the greatest common divisor of k and 60?
20
Suppose -2*k + 660 = k. Suppose k + 19 = -4*u + 5*z, 5*u = 5*z - 300. Let q = 87 + u. Calculate the greatest common divisor of q and 39.
13
Let a be 18 - (-1 - 0 - -3). Suppose 76*c - 67*c = 72. What is the greatest common factor of a and c?
8
Let t be (15/(-9))/(-1*2/36). Calculate the greatest common factor of t and 10.
10
Suppose 0 = a + 4*n + 4, a + 3*a - 6 = -5*n. Let w be (3/4 + 0)*a. Let q be w - 0 - (-171 - -9). What is the highest common factor of 15 and q?
15
Suppose -3*r + 2*b + 18 + 46 = 0, b - 98 = -5*r. Calculate the greatest common divisor of r and 660.
20
Let a be (100/(-28))/(-5) - (-2)/7. Suppose -j + 36 = 4*v, v + a = -2*j + 3. Calculate the highest common divisor of 4 and v.
2
Let n = 71 + -12. Let m = 81 + n. What is the greatest common divisor of m and 20?
20
Suppose -3*w - 3*s + 2*s = 59, -61 = 3*w - s. Let c be (2 - -10)*(-10)/w. What is the highest common divisor of c and 24?
6
Let n(c) = -5*c + 1. Let s be n(-1). Suppose -9 = s*w - 33. Suppose g + b = w*b - 6, 0 = -g - 2*b + 9. What is the greatest common divisor of 33 and g?
3
Let r(h) = -170*h - 874. Let l be r(-10). What is the greatest common factor of 14 and l?
14
Let d = -3 - -58. Let g be (-136)/10 + (-22)/d. Let m be (-4)/g + 2884/196. Calculate the greatest common factor of m and 105.
15
Let p be (22 - (-931)/(-38) - 6/(-2))*10. Let s(i) = i**3 - 8*i**2 + 2*i + 10. Let y be s(7). Let k = y - -60. Calculate the greatest common divisor of p and k.
5
Let p(j) = -143*j**3 + j**2. Let l be p(-1). Let t(d) = d**3 + 19*d**2 - 22*d - 8. Let o be t(-20). What is the greatest common factor of l and o?
16
Let h = -53 - -115. Let l = h - -6. What is the highest common factor of l and 17?
17
Let w be (-36)/(-20)*(1320/18)/2. Calculate the highest common factor of w and 33.
33
Let k(p) = 9*p**3 - 4*p**2 + 5*p - 2. Let a be k(4). Suppose -5*m + a = 110. What is the greatest common factor of 28 and m?
28
Suppose 13986 = 6*v + i, 2*v - 2331 = v + 5*i. What is the highest common factor of 63 and v?
63
Let f(v) = -4*v + 50. Let t be f(9). Calculate the highest common factor of t and 7.
7
Let k be (-227136)/(-128) - 7/2. What is the greatest common factor of k and 77?
77
Let l(v) = -2*v + 27. Let g = -72 - -63. Let q be l(g). Calculate the greatest common factor of 9 and q.
9
Let u be (1/2)/((-2)/24360*-10). What is the greatest common factor of u and 21?
21
Let x = -879 - -897. What is the highest common factor of x and 14?
2
Suppose -40 + 138 = 4*l - 5*j, 4*j = 3*l - 73. Suppose -177 = -4*v + 75. What is the greatest common factor of l and v?
9
Suppose -4*l - 4 = -28. Suppose 15*z = l*z + 1296. Calculate the greatest common factor of z and 16.
16
Let s = 1317 - 137. Suppose -2*a + 13 = -23. Let o be s/45 - 4/a. Calculate the highest common divisor of 78 and o.
26
Let i be 63 + (-3 + 7)*-3. Calculate the greatest common factor of i and 1955.
17
Let u be (-13 + -23)*2/(-3). Suppose -y = -6*y + 30. Calculate the highest common factor of u and y.
6
Let s be 3722/12 + (0 - (-2)/(-12)). Calculate the greatest common divisor of 40 and s.
10
Suppose -4*k = -1 - 7. What is the greatest common divisor of k and 41?
1
Suppose 3*l + r - 5*r = 4, r = 3*l - 1. Let o(a) = -a**3 - a**2 - a + 12. Let w be o(l). What is the highest common factor of 18 and w?
6
Let k(c) = c + 7. Let u be k(-5). Let p = u + 1. Calculate the greatest common divisor of p and 9.
3
Let t(q) = 2*q**2 - q - 1. Let j be t(-1). Suppose -4*u + 466 = j*k, -6*k - 3 = -3*k. Calculate the highest common divisor of u and 13.
13
Let t = 11 - -105. Suppose -4*q + 8 = 0, 2*c = -2*q - 22 + t. Calculate the greatest common factor of c and 9.
9